{"id":7,"date":"2022-07-25T20:56:08","date_gmt":"2022-07-25T18:56:08","guid":{"rendered":"https:\/\/schreibmut.ch\/wordpress\/?page_id=7"},"modified":"2023-07-19T21:46:24","modified_gmt":"2023-07-19T19:46:24","slug":"datenschutzerklaerung","status":"publish","type":"page","link":"https:\/\/schreibmut.ch\/?page_id=7","title":{"rendered":"Datenschutzerkl\u00e4rung"},"content":{"rendered":"\r\n<p>Betreiber*in<\/p>\r\n<p>Reggy Hitz<br \/>M\u00f6\u00f6sliacker 107<br \/>5733 Leimbach<\/p>\r\n<p>reggy.hitz(at)pm.me<\/p>\r\n<h2 class=\"wp-block-heading\"><br \/>Hinweise<\/h2>\r\n<p>Verantwortlich f\u00fcr den Inhalt externer von mir verlinkter Seiten sind stets deren Betreiber; ich \u00fcbernehmen daf\u00fcr keine Verantwortung. Ich pr\u00fcfe grunds\u00e4tzlich alle get\u00e4tigten Verlinkungen auf ihre juristische Unbedenklichkeit. Sollte ich Kenntnis davon bekommen, dass der Inhalt verlinkter Seiten juristisch bedenklich ist, werde ich die Verlinkung dort hin entfernen.<br \/>Ich behalte mir vor ehrverletzende, rufsch\u00e4digende, sexistische, rassistische Kommentare oder Pingbacks zu bearbeiten, bzw. zu l\u00f6schen.<\/p>\r\n<h2>Google Analytics<\/h2>\r\n<p>Diese Website benutzt Google Analytics, einen Webanalysedienst der Google Inc., um eine Analyse der Benutzung der Website zu erm\u00f6glichen. Die durch den Einsatz von Google Analytics erzeugten Informationen \u00fcber Ihre Nutzung diese Website (einschliesslich Ihrer IP-Adresse) werden an einen Server der Google Inc. in den USA \u00fcbertragen und dort gespeichert. Google wird diese Informationen lediglich dazu verwenden, die Nutzung der Website zu analysieren, indem anonymisierte Auswertungen und Grafiken zur Anzahl der Besuche, Anzahl der pro Nutzer aufgerufenen Seiten usw. erstellt werden.<\/p>\r\n<h2>Haftung f\u00fcr Links<\/h2>\r\n<p>Mein Angebot enth\u00e4lt Links zu externen Webseiten Dritter, auf deren Inhalte ich keinen Einfluss habe. Deshalb kann ich f\u00fcr diese fremden Inhalte auch keine Gew\u00e4hr \u00fcbernehmen. F\u00fcr die Inhalte der verlinkten Seiten ist stets der jeweilige Anbieter oder Betreiber der Seiten verantwortlich. Die verlinkten Seiten wurden zum Zeitpunkt der Verlinkung auf m\u00f6gliche Rechtsverst\u00f6\u00dfe \u00fcberpr\u00fcft. Rechtswidrige Inhalte waren zum Zeitpunkt der Verlinkung nicht erkennbar. Eine permanente inhaltliche Kontrolle der verlinkten Seiten ist jedoch ohne konkrete Anhaltspunkte einer Rechtsverletzung nicht zumutbar. Bei Bekanntwerden von Rechtsverletzungen werde ich derartige Links umgehend entfernen.<\/p>\r\n<h2>Urheberrecht<\/h2>\r\n<p>Die durch die Seitenbetreiber erstellten Inhalte und Werke auf diesen Seiten unterliegen dem schweizerischen Urheberrecht und &#8211; sofern anwendbar &#8211; auf die Datenschutz-Grundverordnung (DSGVO) der Europ\u00e4ischen Union. Die Vervielf\u00e4ltigung, Bearbeitung, Verbreitung und jede Art der Verwertung au\u00dferhalb der Grenzen des Urheberrechtes bed\u00fcrfen der schriftlichen Zustimmung des jeweiligen Autors bzw. Erstellers. Downloads und Kopien dieser Seite sind nur f\u00fcr den privaten, nicht kommerziellen Gebrauch gestattet. Soweit die Inhalte auf dieser Seite nicht vom Betreiber erstellt wurden, werden die Urheberrechte Dritter beachtet. Insbesondere werden Inhalte Dritter als solche gekennzeichnet. Sollten Sie trotzdem auf eine Urheberrechtsverletzung aufmerksam werden, bitte ich um einen entsprechenden Hinweis. Bei Bekanntwerden von Rechtsverletzungen werde ich derartige Inhalte umgehend entfernen.<\/p>\r\n<p>Die Bilder sind entweder von mir pers\u00f6nlich oder von <a href=\"https:\/\/pixabay.com\/de\/\">Pixaby<\/a>!<\/p>\r\n<h2>Datenschutz<\/h2>\r\n<p>Die Nutzung unserer Webseite ist in der Regel ohne Angabe personenbezogener Daten m\u00f6glich. Soweit auf meinen Seiten personenbezogene Daten (beispielsweise Name, Anschrift oder eMail-Adressen) erhoben werden, erfolgt dies, soweit m\u00f6glich, stets auf freiwilliger Basis. Diese Daten werden ohne Ihre ausdr\u00fcckliche Zustimmung nicht an Dritte weitergegeben.<\/p>\r\n<p>Ich weise darauf hin, dass die Daten\u00fcbertragung im Internet (z.B. bei der Kommunikation per E-Mail) Sicherheitsl\u00fccken aufweisen kann. Ein l\u00fcckenloser Schutz der Daten vor dem Zugriff durch Dritte ist nicht m\u00f6glich.<\/p>\r\n<p>Der Nutzung von im Rahmen der Impressumspflicht ver\u00f6ffentlichten Kontaktdaten durch Dritte zur \u00dcbersendung von nicht ausdr\u00fccklich angeforderter Werbung und Informationsmaterialien wird hiermit ausdr\u00fccklich widersprochen. Die Betreiber*in der Seiten beh\u00e4lt sich ausdr\u00fccklich rechtliche Schritte im Falle der unverlangten Zusendung von Werbeinformationen, etwa durch Spam-Mails, vor.<\/p>\r\n","protected":false},"excerpt":{"rendered":"<p>Betreiber*in Reggy HitzM\u00f6\u00f6sliacker 1075733 Leimbach reggy.hitz(at)pm.me Hinweise Verantwortlich f\u00fcr den Inhalt externer von mir verlinkter Seiten sind stets deren Betreiber; ich \u00fcbernehmen daf\u00fcr keine Verantwortung. Ich pr\u00fcfe grunds\u00e4tzlich alle get\u00e4tigten Verlinkungen auf ihre juristische Unbedenklichkeit. Sollte ich Kenntnis davon bekommen, dass der Inhalt verlinkter Seiten juristisch bedenklich ist, werde ich die Verlinkung dort hin entfernen.Ich [&hellip;]<\/p>\n","protected":false},"author":1,"featured_media":0,"parent":0,"menu_order":0,"comment_status":"closed","ping_status":"closed","template":"","meta":{"footnotes":""},"class_list":["post-7","page","type-page","status-publish","hentry"],"yoast_head":"<!-- This site is optimized with the Yoast SEO plugin v27.4 - https:\/\/yoast.com\/product\/yoast-seo-wordpress\/ -->\n<title>Datenschutzerkl\u00e4rung - SchreibMut<\/title>\n<meta name=\"description\" content=\"Impressum und Datenschutzerklaerung f\u00fcr den Blog Schreibmut.\" \/>\n<meta name=\"robots\" content=\"index, follow, max-snippet:-1, max-image-preview:large, max-video-preview:-1\" \/>\n<link rel=\"canonical\" href=\"https:\/\/schreibmut.ch\/?page_id=7\" \/>\n<meta property=\"og:locale\" content=\"de_DE\" \/>\n<meta property=\"og:type\" content=\"article\" \/>\n<meta property=\"og:title\" content=\"Datenschutzerkl\u00e4rung - SchreibMut\" \/>\n<meta property=\"og:description\" content=\"Impressum und Datenschutzerklaerung f\u00fcr den Blog Schreibmut.\" \/>\n<meta property=\"og:url\" content=\"https:\/\/schreibmut.ch\/?page_id=7\" \/>\n<meta property=\"og:site_name\" content=\"SchreibMut\" \/>\n<meta property=\"article:modified_time\" content=\"2023-07-19T19:46:24+00:00\" \/>\n<meta name=\"twitter:card\" content=\"summary_large_image\" \/>\n<meta name=\"twitter:label1\" content=\"Gesch\u00e4tzte Lesezeit\" \/>\n\t<meta name=\"twitter:data1\" content=\"3\u00a0Minuten\" \/>\n<script type=\"application\/ld+json\" class=\"yoast-schema-graph\">{\"@context\":\"https:\\\/\\\/schema.org\",\"@graph\":[{\"@type\":\"WebPage\",\"@id\":\"https:\\\/\\\/schreibmut.ch\\\/?page_id=7\",\"url\":\"https:\\\/\\\/schreibmut.ch\\\/?page_id=7\",\"name\":\"Datenschutzerkl\u00e4rung - SchreibMut\",\"isPartOf\":{\"@id\":\"https:\\\/\\\/schreibmut.ch\\\/#website\"},\"datePublished\":\"2022-07-25T18:56:08+00:00\",\"dateModified\":\"2023-07-19T19:46:24+00:00\",\"description\":\"Impressum und Datenschutzerklaerung f\u00fcr den Blog Schreibmut.\",\"breadcrumb\":{\"@id\":\"https:\\\/\\\/schreibmut.ch\\\/?page_id=7#breadcrumb\"},\"inLanguage\":\"de\",\"potentialAction\":[{\"@type\":\"ReadAction\",\"target\":[\"https:\\\/\\\/schreibmut.ch\\\/?page_id=7\"]}]},{\"@type\":\"BreadcrumbList\",\"@id\":\"https:\\\/\\\/schreibmut.ch\\\/?page_id=7#breadcrumb\",\"itemListElement\":[{\"@type\":\"ListItem\",\"position\":1,\"name\":\"Startseite\",\"item\":\"https:\\\/\\\/schreibmut.ch\\\/\"},{\"@type\":\"ListItem\",\"position\":2,\"name\":\"Datenschutzerkl\u00e4rung\"}]},{\"@type\":\"WebSite\",\"@id\":\"https:\\\/\\\/schreibmut.ch\\\/#website\",\"url\":\"https:\\\/\\\/schreibmut.ch\\\/\",\"name\":\"SchreibMut\",\"description\":\"Schreiben braucht Mut\",\"potentialAction\":[{\"@type\":\"SearchAction\",\"target\":{\"@type\":\"EntryPoint\",\"urlTemplate\":\"https:\\\/\\\/schreibmut.ch\\\/?s={search_term_string}\"},\"query-input\":{\"@type\":\"PropertyValueSpecification\",\"valueRequired\":true,\"valueName\":\"search_term_string\"}}],\"inLanguage\":\"de\"}]}<\/script>\n<!-- \/ Yoast SEO plugin. -->","yoast_head_json":{"title":"Datenschutzerkl\u00e4rung - SchreibMut","description":"Impressum und Datenschutzerklaerung f\u00fcr den Blog Schreibmut.","robots":{"index":"index","follow":"follow","max-snippet":"max-snippet:-1","max-image-preview":"max-image-preview:large","max-video-preview":"max-video-preview:-1"},"canonical":"https:\/\/schreibmut.ch\/?page_id=7","og_locale":"de_DE","og_type":"article","og_title":"Datenschutzerkl\u00e4rung - SchreibMut","og_description":"Impressum und Datenschutzerklaerung f\u00fcr den Blog Schreibmut.","og_url":"https:\/\/schreibmut.ch\/?page_id=7","og_site_name":"SchreibMut","article_modified_time":"2023-07-19T19:46:24+00:00","twitter_card":"summary_large_image","twitter_misc":{"Gesch\u00e4tzte Lesezeit":"3\u00a0Minuten"},"schema":{"@context":"https:\/\/schema.org","@graph":[{"@type":"WebPage","@id":"https:\/\/schreibmut.ch\/?page_id=7","url":"https:\/\/schreibmut.ch\/?page_id=7","name":"Datenschutzerkl\u00e4rung - SchreibMut","isPartOf":{"@id":"https:\/\/schreibmut.ch\/#website"},"datePublished":"2022-07-25T18:56:08+00:00","dateModified":"2023-07-19T19:46:24+00:00","description":"Impressum und Datenschutzerklaerung f\u00fcr den Blog Schreibmut.","breadcrumb":{"@id":"https:\/\/schreibmut.ch\/?page_id=7#breadcrumb"},"inLanguage":"de","potentialAction":[{"@type":"ReadAction","target":["https:\/\/schreibmut.ch\/?page_id=7"]}]},{"@type":"BreadcrumbList","@id":"https:\/\/schreibmut.ch\/?page_id=7#breadcrumb","itemListElement":[{"@type":"ListItem","position":1,"name":"Startseite","item":"https:\/\/schreibmut.ch\/"},{"@type":"ListItem","position":2,"name":"Datenschutzerkl\u00e4rung"}]},{"@type":"WebSite","@id":"https:\/\/schreibmut.ch\/#website","url":"https:\/\/schreibmut.ch\/","name":"SchreibMut","description":"Schreiben braucht Mut","potentialAction":[{"@type":"SearchAction","target":{"@type":"EntryPoint","urlTemplate":"https:\/\/schreibmut.ch\/?s={search_term_string}"},"query-input":{"@type":"PropertyValueSpecification","valueRequired":true,"valueName":"search_term_string"}}],"inLanguage":"de"}]}},"_links":{"self":[{"href":"https:\/\/schreibmut.ch\/index.php?rest_route=\/wp\/v2\/pages\/7","targetHints":{"allow":["GET"]}}],"collection":[{"href":"https:\/\/schreibmut.ch\/index.php?rest_route=\/wp\/v2\/pages"}],"about":[{"href":"https:\/\/schreibmut.ch\/index.php?rest_route=\/wp\/v2\/types\/page"}],"author":[{"embeddable":true,"href":"https:\/\/schreibmut.ch\/index.php?rest_route=\/wp\/v2\/users\/1"}],"replies":[{"embeddable":true,"href":"https:\/\/schreibmut.ch\/index.php?rest_route=%2Fwp%2Fv2%2Fcomments&post=7"}],"version-history":[{"count":2,"href":"https:\/\/schreibmut.ch\/index.php?rest_route=\/wp\/v2\/pages\/7\/revisions"}],"predecessor-version":[{"id":226,"href":"https:\/\/schreibmut.ch\/index.php?rest_route=\/wp\/v2\/pages\/7\/revisions\/226"}],"wp:attachment":[{"href":"https:\/\/schreibmut.ch\/index.php?rest_route=%2Fwp%2Fv2%2Fmedia&parent=7"}],"curies":[{"name":"wp","href":"https:\/\/api.w.org\/{rel}","templated":true}]}}